4*j**3 - 9*j**2. Calculate i(6).
123
Let s = 78 - 75. Suppose 2*c + s*k = 5*k, 2*c = -k + 9. Let l(y) = 6*y**2 - 5 - 13 + y**c + 15. Give l(-6).
-3
Let s(k) = -10179*k**2 + 10185*k**2 - 1 - 4*k + 9*k - 4. What is s(2)?
29
Let o(c) = -6*c**2 - 29*c - 36. Let j(v) = -v**2 - 6*v - 7. Let a(z) = -11*j(z) + 2*o(z). What is a(5)?
20
Let l(c) = 25*c - 35*c + 2 + 12*c. Let s = -101 - -92. Calculate l(s).
-16
Let f(k) = k - 30 - 7*k + 35 - 3*k + 6*k. Suppose -j = 2*q - 2*j - 14, 0 = 2*q - 4*j - 26. Calculate f(q).
-10
Let i(d) = 11*d**2 + 222*d + 39. Let r be i(-20). Let a(w) be the third derivative of w**6/10 + w**5/60 - w**4/12 - w**3/3 - w**2. Calculate a(r).
-11
Let y(q) = 7*q + 118. Let t be y(-14). Suppose 5*p + 4*z + t = z, -p + 2*z = 4. Let h(c) = 2*c + 5. Calculate h(p).
-3
Suppose -269*x = -259*x + 30. Let b(r) be the second derivative of 2*r + 1/2*r**2 - 5/6*r**3 - 1/12*r**4 + 0. What is b(x)?
7
Let n(y) = -3*y + 8. Let g be n(0). Suppose 2*i - g = -4. Let o(c) = -100*c**2 + 7*c**3 + 34*c**2 + 30*c**i + 37*c**2. Calculate o(-1).
-6
Let j(d) be the first derivative of d**5/120 - 7*d**4/24 - 3*d**3 - 38. Let z(y) be the third derivative of j(y). What is z(0)?
-7
Let n(q) be the second derivative of q**3/6 + 4*q**2 - 2578*q. Suppose -4*x = 44 - 0. Give n(x).
-3
Let w(q) = q**3 + 17*q**2 + 13*q - 55. Let c be w(-16). Let x(p) = p**2 + 14*p + 10. Let h(v) = -v + 1. Let s(t) = -5*h(t) - x(t). Determine s(c).
-1
Let q(b) be the second derivative of -b**4/24 + 4*b**3/3 + 237*b**2/2 - 4*b - 30. Let k(m) be the first derivative of q(m). Give k(5).
3
Let y be ((-30)/(-40) - (-250)/(-120))*(-3)/8. Let z(n) be the third derivative of 0 - y*n**3 + 1/24*n**4 - 17*n**2 + 0*n. Determine z(-4).
-7
Let a(g) = -2*g + 155. Let t(q) = q - 85. Let x(v) = -3*a(v) - 5*t(v). Give x(18).
-22
Let w(v) = v**2 + 18*v + 5. Let s = -7231 + 7213. Determine w(s).
5
Let k be (16/(-12))/(-4)*27. Let f(a) = 5 - k - a + 5 - a**2 + a**3 + 2*a**3. Suppose -7 = -16*n + 9*n. What is f(n)?
2
Suppose -57 = -2*h - 3*u - 17, -16 = -h - u. Let b(o) = -o**2 + 29*o - 162. Calculate b(h).
6
Let h(n) = -n**3 + 5*n**2 + 6*n + 3. Let f be h(6). Let j(a) = a**f - 6*a - 6*a**2 - 2*a**3 + 0 + a**2 - 1. Let t = -58 - -54. Determine j(t).
7
Let v(i) = 13*i + 1. Let c(x) = 44*x. Let n(r) = -c(r) + 3*v(r). Suppose -9 = 2*l + l. Determine n(l).
18
Suppose -5*p = -5*a - 1680, -6*p + a = -p - 1684. Suppose 0 = 2*l + 349 - p. Let v(d) be the first derivative of -d**3/3 - 5*d**2 - 3*d - 2. Determine v(l).
21
Suppose 0 = -2*w + 195 - 75. Suppose w = 31*g - 21*g. Let d(k) = -2*k + 11. Give d(g).
-1
Let j(r) = 0*r + 3*r + r + 11*r**2 - 28*r**2 + 16*r**2 + 15. Determine j(5).
10
Let a(u) = u**2 + 41*u + 4. Let o(h) = 9*h + 1. Let r(k) = a(k) - 5*o(k). What is r(4)?
-1
Let c(k) = 482*k - 243*k - 241*k - 1. Determine c(1).
-3
Let l(i) = 4*i + 4. Let b be 7/(-8) + 15/(-120). Let z be (1 - b/(-1)) + 5. Give l(z).
24
Let k(q) = -115 - 34*q + 8*q + 636 + 283. Calculate k(31).
-2
Let g(a) = a. Let c(f) = 3*f. Let v(p) = -p**2 + 7*p + 3. Let n be v(8). Let o(s) = n*g(s) + 2*c(s). Suppose 18*t - 2737 + 2521 = -90*t. What is o(t)?
2
Let z(a) be the second derivative of 1/2*a**4 - 3/2*a**2 + 1/6*a**3 + 135*a + 0 + 1/20*a**5. Determine z(-6).
-9
Let i(c) be the first derivative of 2*c**3/3 - 3*c**2/2 + 4*c - 2420. What is i(1)?
3
Let m(b) = 47*b - 16. Let f(v) = -102*v + 37. Let k(h) = -6*f(h) - 13*m(h). Suppose 64 = 5*a - a + 4*c, 84 = 5*a + 4*c. Determine k(a).
6
Let w(p) = 8*p**2 + p. Let r(h) = -h**2. Let o(n) = -3*r(n) + w(n). Suppose -2*u - 6 = -0*u + v, 0 = -2*u - 4*v - 30. What is o(u)?
12
Let l(x) = -3*x + 308*x**2 + 57*x**3 + 58*x**3 - 108*x**3 + 44 + 3 + 4*x. Determine l(-44).
3
Let d(a) = -a**3 + 16*a**2 - 4*a + 61. Let k(v) = -17*v**3 - 17*v**2 - 30*v - 14. Let p be k(-1). Determine d(p).
-3
Let j(d) = -4*d**2 - d - 3. Suppose -n - 4 = -8. Let v(b) be the first derivative of 5*b**3/3 + b**2 + 4*b + 10. Let z(q) = n*j(q) + 3*v(q). What is z(-2)?
-8
Let k(g) = g. Let v(j) = j**3 - 6*j**2 - 4*j. Let t(z) = 3*k(z) - v(z). Let c be (78/(-9) + 8)/(4/(-42)). Give t(c).
0
Let f be (-5)/(-20) - (-174)/(-24). Let t(z) = -z**3 - 2 - 2 + 11 - 8*z**2 - 8*z + 3*z. Give t(f).
-7
Let z(a) = 28*a**3 + a**2 + 2*a - 16. Let g(r) = 3*r**3 + r**2 - r - 1. Let l(f) = 9*g(f) - z(f). Give l(7).
-21
Let d be (-180)/495 + 140/22. Let i(b) = b**3 - 7*b**2 + 7*b - 9. Determine i(d).
-3
Let j(r) = -r**2 + 2*r - 3. Let s(i) = 553 - 18*i - 582 + 22*i + i**2. Let t be s(-8). Calculate j(t).
-6
Let b(g) = g**3 - 6*g**2 - 2*g + 5. Let t(c) = -8*c - 162. Suppose 49*y + 42 = 47*y. Let i be t(y). Determine b(i).
-7
Let r(w) = 703 - 4*w + 701 - 1400 + 10*w - 40*w**2. Determine r(-1).
-42
Let v(b) = b. Let s = 8 - 6. Let i(g) = -5*g**2 + 2*g + 4. Let o be i(s). What is v(o)?
-12
Suppose -j = -4*j - 3*w - 6, -16 = -2*j + 2*w. Let b(f) = -63 + 3*f + 29 + j*f**2 + 32. Calculate b(-3).
16
Let s = -417 - -412. Let k(l) = -8*l**2 - 22*l + 15. Let c(j) = 11*j**2 + 33*j - 23. Let x(o) = s*c(o) - 7*k(o). Calculate x(9).
-8
Suppose -3*a - 5*j = -63, -2*j - 23 = -4*a + 35. Let b be (-2)/4*a/12*12. Let v(u) = -u + 3. Give v(b).
11
Let m(q) be the third derivative of 7*q**4/6 + 25*q**3/3 - 999*q**2 - 1. Determine m(-2).
-6
Let p(z) = -192 + 191 + 5*z**2 - 4*z**2 + 2*z. Let f(t) = 2*t**2 + 2*t - 5. Let u(c) = f(c) - p(c). Let n = 16 + -19. Calculate u(n).
5
Let l(o) = -4*o**3 + 2*o - 3. Let p be 1/3*(83 - -16). Suppose 12*x + 21 - p = 0. Give l(x).
-5
Let u(j) = 11*j**3 + 47*j**2 - 239*j - 17. Let v(t) = 5*t**3 + 23*t**2 - 109*t - 9. Let l(q) = 6*u(q) - 13*v(q). Give l(18).
33
Let o = 28465 + -11212. Let v(c) = o - 4*c + 0*c**2 - c**3 - 17253 - 5*c**2. Calculate v(-3).
-6
Let f(v) be the first derivative of 8*v**2 - 5*v - 517. Determine f(0).
-5
Let r(v) = 2*v**2 + 1. Let q(d) = d**2 - d + 1. Let k(i) = -2*q(i) + 3*r(i). Let x be k(-1). Suppose -3 - 6 = x*z. Let n(p) = 2*p**2 + 4*p + 1. Give n(z).
7
Let g(q) = 8*q**2 - 19*q - 11. Let d(l) = 3*l**2 - 6*l - 1. Let p(r) = 3*r**2 - 6*r. Let i(w) = -4*d(w) + 3*p(w). Let a(k) = -4*g(k) - 11*i(k). Determine a(-9).
-9
Let v(d) = -3*d - 1. Suppose -2*i + 7*i + 60 = 0. Let g be ((-18)/(-1323)*21)/(2/14). Let p be ((-7)/(-14))/(g/i). Calculate v(p).
8
Let d(p) = -2*p + 7. Let j be d(2). Let y = -10 - -11. Let f(x) = -2*x + 3 - x**3 - y + 3*x + 2*x. Determine f(j).
-16
Let c(o) = 11*o - 34. Suppose -123*p = -126*p - 3*m + 24, -8 = -4*m. Determine c(p).
32
Let o(j) = -148 + 54 + 18*j - 16*j + 40 + 37. Give o(-9).
-35
Let z(a) = 2*a + 15 - 23*a**2 - 27*a**2 + 85*a**2 - 28*a**2. Let y(x) = -x**2 + x - 1. Let k(o) = 6*y(o) + z(o). What is k(-8)?
9
Let o(w) = 33*w - 22. Let v(z) = 405*z - 265. Let l(a) = 25*o(a) - 2*v(a). Calculate l(2).
10
Let d(a) = -6*a - 20. Let w(j) = 12*j + 60. Let i(q) = -6*q - 29. Let c(s) = 7*i(s) + 3*w(s). Let y(b) = 5*c(b) - 6*d(b). What is y(4)?
29
Let h(g) = 2*g + 77. Let j be h(27). Let a = j - 125. Let o(q) = q**2 - 8*q + 3. Let y(f) = -f. Let t(k) = o(k) - 2*y(k). Give t(a).
3
Suppose -4*j + 10644 = 2*a, 2*a = 2*j - a - 5314. Let z(v) = -j*v - 2*v**2 + 2661*v + 0*v**2 - 2*v**2 + 3*v**2. Determine z(3).
-6
Let k(o) be the first derivative of -4*o**3/3 + 15*o**2/2 + 4*o + 83. Let f(h) = -3*h**2 + 14*h + 2. Let c(l) = -5*f(l) + 4*k(l). What is c(-8)?
22
Let z(o) = -o**3 + 20*o**2 + 41*o + 70. Let p be ((-264)/(-30))/(-8 + (-294)/(-35)). Determine z(p).
4
Let i = 80 - 102. Let d be (-288)/(-132) - (-4)/i. Let v(f) = 6*f + f**d - 14*f + 6*f + 6 + 8*f. Calculate v(-5).
1
Let t(z) = z**2 + 7*z - 2. Let i = 3031 + -3036. Determine t(i).
-12
Suppose 0 = 4*w + 5*k + 25, -2*w = 8*k - 7*k + 11. Let j(y) = -y - 1. What is j(w)?
4
Let h(m) be the first derivative of 2*m**3 - 19*m**2 + 3*m - 1477. Determine h(6).
-9
Let s(c) = -c**3 + 4*c**2 + 5*c - 4. Let f = -295 - -301. Let b be f/(-4)*(-40)/12. Give s(b).
-4
Let m(y) = 5*y**3 - 2*y. Suppose -25*a + 851 - 369 - 407 = 0. Calculate m(a).
129
Let n(i) = -i**2 - 7*i - 9. Let y be (-3)/(6/(-89)) - 5/(-10). Let u = -34 + y. Suppose -7*a = -u + 53. What is n(a)?
-3
Let o(m) = m**2 - m. Let j(s) = 3*s + 48 - 23 + 13*s**2 - 6*s - 26. Let c(q) = -j(q) + 2*o(q). What is c(-1)?
-11
Let h = -746 + 763. Let c(w) = -w**2 + 15*w + 38. What is c(h)?
4
Let w(v) = -1 + 